{"id":5671,"date":"2025-09-26T07:41:35","date_gmt":"2025-09-26T07:41:35","guid":{"rendered":"https:\/\/cela.gg\/?page_id=5671"},"modified":"2025-11-26T02:02:38","modified_gmt":"2025-11-26T02:02:38","slug":"shop","status":"publish","type":"page","link":"https:\/\/cela.gg\/index.php\/shop\/","title":{"rendered":"Shop"},"content":{"rendered":"\t\t<div data-elementor-type=\"wp-page\" data-elementor-id=\"5671\" class=\"elementor elementor-5671\">\n\t\t\t\t\t\t\t\t\t<section class=\"elementor-section elementor-top-section elementor-element elementor-element-833b04e elementor-section-boxed elementor-section-height-default elementor-section-height-default wpr-particle-no wpr-jarallax-no wpr-parallax-no wpr-sticky-section-no\" data-id=\"833b04e\" data-element_type=\"section\" data-settings=\"{&quot;background_background&quot;:&quot;classic&quot;}\" data-e-bg-lazyload=\"\">\n\t\t\t\t\t\t\t<div class=\"elementor-background-overlay\"><\/div>\n\t\t\t\t\t\t\t<div class=\"elementor-container elementor-column-gap-default\">\n\t\t\t\t\t<div class=\"elementor-column elementor-col-100 elementor-top-column elementor-element elementor-element-4186ccd\" data-id=\"4186ccd\" data-element_type=\"column\">\n\t\t\t<div class=\"elementor-widget-wrap elementor-element-populated\">\n\t\t\t\t\t\t\t\t<div class=\"elementor-element elementor-element-c641980 elementor-widget elementor-widget-heading\" data-id=\"c641980\" data-element_type=\"widget\" data-widget_type=\"heading.default\">\n\t\t\t\t<div class=\"elementor-widget-container\">\n\t\t\t<style>\/*! elementor - v3.9.2 - 21-12-2022 *\/\n.elementor-heading-title{padding:0;margin:0;line-height:1}.elementor-widget-heading .elementor-heading-title[class*=elementor-size-]>a{color:inherit;font-size:inherit;line-height:inherit}.elementor-widget-heading .elementor-heading-title.elementor-size-small{font-size:15px}.elementor-widget-heading .elementor-heading-title.elementor-size-medium{font-size:19px}.elementor-widget-heading .elementor-heading-title.elementor-size-large{font-size:29px}.elementor-widget-heading .elementor-heading-title.elementor-size-xl{font-size:39px}.elementor-widget-heading .elementor-heading-title.elementor-size-xxl{font-size:59px}<\/style><h2 class=\"elementor-heading-title elementor-size-default\">Shop<\/h2>\t\t<\/div>\n\t\t\t\t<\/div>\n\t\t\t\t\t<\/div>\n\t\t<\/div>\n\t\t\t\t\t\t\t<\/div>\n\t\t<\/section>\n\t\t<div class=\"elementor-element elementor-element-0a1b028 e-con-boxed e-con\" data-id=\"0a1b028\" data-element_type=\"container\" data-settings=\"{&quot;background_background&quot;:&quot;classic&quot;,&quot;content_width&quot;:&quot;boxed&quot;}\">\n\t\t\t\t\t<div class=\"e-con-inner\">\n\t\t\t\t<div class=\"elementor-element elementor-element-5df0379 elementor-widget elementor-widget-text-editor\" data-id=\"5df0379\" data-element_type=\"widget\" data-widget_type=\"text-editor.default\">\n\t\t\t\t<div class=\"elementor-widget-container\">\n\t\t\t<style>\/*! elementor - v3.9.2 - 21-12-2022 *\/\n.elementor-widget-text-editor.elementor-drop-cap-view-stacked .elementor-drop-cap{background-color:#818a91;color:#fff}.elementor-widget-text-editor.elementor-drop-cap-view-framed .elementor-drop-cap{color:#818a91;border:3px solid;background-color:transparent}.elementor-widget-text-editor:not(.elementor-drop-cap-view-default) .elementor-drop-cap{margin-top:8px}.elementor-widget-text-editor:not(.elementor-drop-cap-view-default) .elementor-drop-cap-letter{width:1em;height:1em}.elementor-widget-text-editor .elementor-drop-cap{float:left;text-align:center;line-height:1;font-size:50px}.elementor-widget-text-editor .elementor-drop-cap-letter{display:inline-block}<\/style>\t\t\t\t<div id=\"comp-lc6k4ll51__item1\" class=\"KcpHeO tz5f0K comp-lc6k4ll51\" data-testid=\"richTextElement\"><h2 class=\"wpr-promo-box-title\" style=\"text-align: center;\">Der Shop von Celaryprime<\/h2><p style=\"text-align: center;\">Hier k\u00f6nnt ihr euch aktuell alle Artikel von Cela aka The DinoMite kaufen<\/p><p style=\"text-align: center;\">Der 1. Signature Dart von The DinoMite von der Marke One80 und die eigenen L-Style Flights!<\/p><p style=\"text-align: center;\">F\u00fclle das Formular aus und du bekommst so schnell wie m\u00f6glich eine Antwort- Danke f\u00fcr deinen Support!\u00a0<\/p><\/div>\t\t\t\t\t\t<\/div>\n\t\t\t\t<\/div>\n\t\t\t\t\t<\/div>\n\t\t\t\t<\/div>\n\t\t<div class=\"elementor-element elementor-element-ba4565a e-con-boxed e-con\" data-id=\"ba4565a\" data-element_type=\"container\" data-settings=\"{&quot;background_background&quot;:&quot;classic&quot;,&quot;content_width&quot;:&quot;boxed&quot;}\">\n\t\t\t\t\t<div class=\"e-con-inner\">\n\t\t<div class=\"elementor-element elementor-element-8e54f39 e-con-full e-con\" data-id=\"8e54f39\" data-element_type=\"container\" data-settings=\"{&quot;content_width&quot;:&quot;full&quot;}\">\n\t\t\t\t<div class=\"elementor-element elementor-element-40d3170 elementor-widget elementor-widget-image\" data-id=\"40d3170\" data-element_type=\"widget\" data-widget_type=\"image.default\">\n\t\t\t\t<div class=\"elementor-widget-container\">\n\t\t\t<style>\/*! elementor - v3.9.2 - 21-12-2022 *\/\n.elementor-widget-image{text-align:center}.elementor-widget-image a{display:inline-block}.elementor-widget-image a img[src$=\".svg\"]{width:48px}.elementor-widget-image img{vertical-align:middle;display:inline-block}<\/style>\t\t\t\t\t\t\t\t\t\t\t\t<img loading=\"lazy\" decoding=\"async\" width=\"819\" height=\"1024\" src=\"https:\/\/cela.gg\/wp-content\/uploads\/2025\/09\/1-819x1024.png\" class=\"attachment-large size-large wp-image-5674\" alt=\"\" srcset=\"https:\/\/cela.gg\/wp-content\/uploads\/2025\/09\/1-819x1024.png 819w, https:\/\/cela.gg\/wp-content\/uploads\/2025\/09\/1-240x300.png 240w, https:\/\/cela.gg\/wp-content\/uploads\/2025\/09\/1-768x960.png 768w, https:\/\/cela.gg\/wp-content\/uploads\/2025\/09\/1.png 1080w\" sizes=\"auto, (max-width: 819px) 100vw, 819px\" \/>\t\t\t\t\t\t\t\t\t\t\t\t\t\t\t<\/div>\n\t\t\t\t<\/div>\n\t\t\t\t<div class=\"elementor-element elementor-element-1da42c4 elementor-widget elementor-widget-image\" data-id=\"1da42c4\" data-element_type=\"widget\" data-widget_type=\"image.default\">\n\t\t\t\t<div class=\"elementor-widget-container\">\n\t\t\t\t\t\t\t\t\t\t\t\t\t\t\t<img loading=\"lazy\" decoding=\"async\" width=\"819\" height=\"1024\" src=\"https:\/\/cela.gg\/wp-content\/uploads\/2025\/09\/3-819x1024.png\" class=\"attachment-large size-large wp-image-5676\" alt=\"\" srcset=\"https:\/\/cela.gg\/wp-content\/uploads\/2025\/09\/3-819x1024.png 819w, https:\/\/cela.gg\/wp-content\/uploads\/2025\/09\/3-240x300.png 240w, https:\/\/cela.gg\/wp-content\/uploads\/2025\/09\/3-768x960.png 768w, https:\/\/cela.gg\/wp-content\/uploads\/2025\/09\/3.png 1080w\" sizes=\"auto, (max-width: 819px) 100vw, 819px\" \/>\t\t\t\t\t\t\t\t\t\t\t\t\t\t\t<\/div>\n\t\t\t\t<\/div>\n\t\t\t\t<div class=\"elementor-element elementor-element-8fb22c6 elementor-widget elementor-widget-image\" data-id=\"8fb22c6\" data-element_type=\"widget\" data-widget_type=\"image.default\">\n\t\t\t\t<div class=\"elementor-widget-container\">\n\t\t\t\t\t\t\t\t\t\t\t\t\t\t\t<img loading=\"lazy\" decoding=\"async\" width=\"819\" height=\"1024\" src=\"https:\/\/cela.gg\/wp-content\/uploads\/2025\/09\/5-819x1024.png\" class=\"attachment-large size-large wp-image-5678\" alt=\"\" srcset=\"https:\/\/cela.gg\/wp-content\/uploads\/2025\/09\/5-819x1024.png 819w, https:\/\/cela.gg\/wp-content\/uploads\/2025\/09\/5-240x300.png 240w, https:\/\/cela.gg\/wp-content\/uploads\/2025\/09\/5-768x960.png 768w, https:\/\/cela.gg\/wp-content\/uploads\/2025\/09\/5.png 1080w\" sizes=\"auto, (max-width: 819px) 100vw, 819px\" \/>\t\t\t\t\t\t\t\t\t\t\t\t\t\t\t<\/div>\n\t\t\t\t<\/div>\n\t\t\t\t<\/div>\n\t\t<div class=\"elementor-element elementor-element-38f23e1 e-con-full e-con\" data-id=\"38f23e1\" data-element_type=\"container\" data-settings=\"{&quot;content_width&quot;:&quot;full&quot;}\">\n\t\t\t\t<div class=\"elementor-element elementor-element-62e93fe elementor-widget elementor-widget-image\" data-id=\"62e93fe\" data-element_type=\"widget\" data-widget_type=\"image.default\">\n\t\t\t\t<div class=\"elementor-widget-container\">\n\t\t\t\t\t\t\t\t\t\t\t\t\t\t\t<img loading=\"lazy\" decoding=\"async\" width=\"819\" height=\"1024\" src=\"https:\/\/cela.gg\/wp-content\/uploads\/2025\/09\/2-819x1024.png\" class=\"attachment-large size-large wp-image-5675\" alt=\"\" srcset=\"https:\/\/cela.gg\/wp-content\/uploads\/2025\/09\/2-819x1024.png 819w, https:\/\/cela.gg\/wp-content\/uploads\/2025\/09\/2-240x300.png 240w, https:\/\/cela.gg\/wp-content\/uploads\/2025\/09\/2-768x960.png 768w, https:\/\/cela.gg\/wp-content\/uploads\/2025\/09\/2.png 1080w\" sizes=\"auto, (max-width: 819px) 100vw, 819px\" \/>\t\t\t\t\t\t\t\t\t\t\t\t\t\t\t<\/div>\n\t\t\t\t<\/div>\n\t\t\t\t<div class=\"elementor-element elementor-element-8d7b058 elementor-widget elementor-widget-image\" data-id=\"8d7b058\" data-element_type=\"widget\" data-widget_type=\"image.default\">\n\t\t\t\t<div class=\"elementor-widget-container\">\n\t\t\t\t\t\t\t\t\t\t\t\t\t\t\t<img loading=\"lazy\" decoding=\"async\" width=\"819\" height=\"1024\" src=\"https:\/\/cela.gg\/wp-content\/uploads\/2025\/09\/4-819x1024.png\" class=\"attachment-large size-large wp-image-5677\" alt=\"\" srcset=\"https:\/\/cela.gg\/wp-content\/uploads\/2025\/09\/4-819x1024.png 819w, https:\/\/cela.gg\/wp-content\/uploads\/2025\/09\/4-240x300.png 240w, https:\/\/cela.gg\/wp-content\/uploads\/2025\/09\/4-768x960.png 768w, https:\/\/cela.gg\/wp-content\/uploads\/2025\/09\/4.png 1080w\" sizes=\"auto, (max-width: 819px) 100vw, 819px\" \/>\t\t\t\t\t\t\t\t\t\t\t\t\t\t\t<\/div>\n\t\t\t\t<\/div>\n\t\t\t\t<\/div>\n\t\t<div class=\"elementor-element elementor-element-099ce77 e-con-full e-con\" data-id=\"099ce77\" data-element_type=\"container\" data-settings=\"{&quot;content_width&quot;:&quot;full&quot;}\">\n\t\t\t\t<div class=\"elementor-element elementor-element-8154ac3 elementor-widget elementor-widget-text-editor\" data-id=\"8154ac3\" data-element_type=\"widget\" data-widget_type=\"text-editor.default\">\n\t\t\t\t<div class=\"elementor-widget-container\">\n\t\t\t\t\t\t\t<p style=\"text-align: center;\"><div class=\"wpforms-container wpforms-container-full\" id=\"wpforms-5667\"><form id=\"wpforms-form-5667\" class=\"wpforms-validate wpforms-form wpforms-ajax-form\" data-formid=\"5667\" method=\"post\" enctype=\"multipart\/form-data\" action=\"\/index.php\/wp-json\/wp\/v2\/pages\/5671\" data-token=\"071a859b80257763900d7519863f04e2\"><noscript class=\"wpforms-error-noscript\">Bitte aktiviere JavaScript in deinem Browser, um dieses Formular fertigzustellen.<\/noscript><div class=\"wpforms-field-container\"><div id=\"wpforms-5667-field_5-container\" class=\"wpforms-field wpforms-field-name\" data-field-id=\"5\"><label class=\"wpforms-field-label\" for=\"wpforms-5667-field_5\">Name <span class=\"wpforms-required-label\">*<\/span><\/label><div class=\"wpforms-field-row wpforms-field-medium\"><div class=\"wpforms-field-row-block wpforms-first wpforms-one-half\"><input type=\"text\" id=\"wpforms-5667-field_5\" class=\"wpforms-field-name-first wpforms-field-required\" name=\"wpforms[fields][5][first]\" required><label for=\"wpforms-5667-field_5\" class=\"wpforms-field-sublabel after \">Vorname<\/label><\/div><div class=\"wpforms-field-row-block wpforms-one-half\"><input type=\"text\" id=\"wpforms-5667-field_5-last\" class=\"wpforms-field-name-last wpforms-field-required\" name=\"wpforms[fields][5][last]\" required><label for=\"wpforms-5667-field_5-last\" class=\"wpforms-field-sublabel after \">Nachname<\/label><\/div><\/div><\/div><div id=\"wpforms-5667-field_10-container\" class=\"wpforms-field wpforms-field-text\" data-field-id=\"10\"><label class=\"wpforms-field-label\" for=\"wpforms-5667-field_10\">Stra\u00dfe<\/label><input type=\"text\" id=\"wpforms-5667-field_10\" class=\"wpforms-field-medium\" name=\"wpforms[fields][10]\" ><\/div><div id=\"wpforms-5667-field_11-container\" class=\"wpforms-field wpforms-field-text\" data-field-id=\"11\"><label class=\"wpforms-field-label\" for=\"wpforms-5667-field_11\">Hausnummer<\/label><input type=\"text\" id=\"wpforms-5667-field_11\" class=\"wpforms-field-medium\" name=\"wpforms[fields][11]\" ><\/div><div id=\"wpforms-5667-field_15-container\" class=\"wpforms-field wpforms-field-text\" data-field-id=\"15\"><label class=\"wpforms-field-label\" for=\"wpforms-5667-field_15\">Postleitzahl<\/label><input type=\"text\" id=\"wpforms-5667-field_15\" class=\"wpforms-field-medium\" name=\"wpforms[fields][15]\" ><\/div><div id=\"wpforms-5667-field_12-container\" class=\"wpforms-field wpforms-field-text\" data-field-id=\"12\"><label class=\"wpforms-field-label\" for=\"wpforms-5667-field_12\">Stadt<\/label><input type=\"text\" id=\"wpforms-5667-field_12\" class=\"wpforms-field-medium\" name=\"wpforms[fields][12]\" ><\/div><div id=\"wpforms-5667-field_6-container\" class=\"wpforms-field wpforms-field-text\" data-field-id=\"6\"><label class=\"wpforms-field-label\" for=\"wpforms-5667-field_6\">Land<\/label><input type=\"text\" id=\"wpforms-5667-field_6\" class=\"wpforms-field-medium\" name=\"wpforms[fields][6]\" ><\/div><div id=\"wpforms-5667-field_14-container\" class=\"wpforms-field wpforms-field-email\" data-field-id=\"14\"><label class=\"wpforms-field-label\" for=\"wpforms-5667-field_14\">E-Mail <span class=\"wpforms-required-label\">*<\/span><\/label><input type=\"email\" id=\"wpforms-5667-field_14\" class=\"wpforms-field-medium wpforms-field-required\" name=\"wpforms[fields][14]\" required><\/div><div id=\"wpforms-5667-field_4-container\" class=\"wpforms-field wpforms-field-radio\" data-field-id=\"4\"><label class=\"wpforms-field-label\" for=\"wpforms-5667-field_4\">Angebot <span class=\"wpforms-required-label\">*<\/span><\/label><ul id=\"wpforms-5667-field_4\" class=\"wpforms-field-required\"><li class=\"choice-1 depth-1\"><input type=\"radio\" id=\"wpforms-5667-field_4_1\" name=\"wpforms[fields][4]\" value=\"Nur Dart \" required ><label class=\"wpforms-field-label-inline\" for=\"wpforms-5667-field_4_1\">Nur Dart <\/label><\/li><li class=\"choice-2 depth-1\"><input type=\"radio\" id=\"wpforms-5667-field_4_2\" name=\"wpforms[fields][4]\" value=\"Nur L-Style\" required ><label class=\"wpforms-field-label-inline\" for=\"wpforms-5667-field_4_2\">Nur L-Style<\/label><\/li><li class=\"choice-3 depth-1\"><input type=\"radio\" id=\"wpforms-5667-field_4_3\" name=\"wpforms[fields][4]\" value=\"Dino Special \" required ><label class=\"wpforms-field-label-inline\" for=\"wpforms-5667-field_4_3\">Dino Special <\/label><\/li><li class=\"choice-4 depth-1\"><input type=\"radio\" id=\"wpforms-5667-field_4_4\" name=\"wpforms[fields][4]\" value=\"Cela Special \" required ><label class=\"wpforms-field-label-inline\" for=\"wpforms-5667-field_4_4\">Cela Special <\/label><\/li><li class=\"choice-5 depth-1\"><input type=\"radio\" id=\"wpforms-5667-field_4_5\" name=\"wpforms[fields][4]\" value=\"L-Style Special \" required ><label class=\"wpforms-field-label-inline\" for=\"wpforms-5667-field_4_5\">L-Style Special <\/label><\/li><\/ul><\/div><div id=\"wpforms-5667-field_1-container\" class=\"wpforms-field wpforms-field-checkbox\" data-field-id=\"1\"><label class=\"wpforms-field-label\" for=\"wpforms-5667-field_1\">Optionen <span class=\"wpforms-required-label\">*<\/span><\/label><ul id=\"wpforms-5667-field_1\" class=\"wpforms-field-required\"><li class=\"choice-1 depth-1\"><input type=\"checkbox\" id=\"wpforms-5667-field_1_1\" name=\"wpforms[fields][1][]\" value=\"20gr. Softdart\" required ><label class=\"wpforms-field-label-inline\" for=\"wpforms-5667-field_1_1\">20gr. Softdart<\/label><\/li><li class=\"choice-2 depth-1\"><input type=\"checkbox\" id=\"wpforms-5667-field_1_2\" name=\"wpforms[fields][1][]\" value=\"23gr. Steeldart\" required ><label class=\"wpforms-field-label-inline\" for=\"wpforms-5667-field_1_2\">23gr. Steeldart<\/label><\/li><li class=\"choice-3 depth-1\"><input type=\"checkbox\" id=\"wpforms-5667-field_1_3\" name=\"wpforms[fields][1][]\" value=\"25gr. Steeldart\" required ><label class=\"wpforms-field-label-inline\" for=\"wpforms-5667-field_1_3\">25gr. Steeldart<\/label><\/li><li class=\"choice-4 depth-1\"><input type=\"checkbox\" id=\"wpforms-5667-field_1_4\" name=\"wpforms[fields][1][]\" value=\"L-Style\" required ><label class=\"wpforms-field-label-inline\" for=\"wpforms-5667-field_1_4\">L-Style<\/label><\/li><\/ul><\/div><div id=\"wpforms-5667-field_3-container\" class=\"wpforms-field wpforms-field-select wpforms-field-select-style-classic\" data-field-id=\"3\"><label class=\"wpforms-field-label\" for=\"wpforms-5667-field_3\">Bezahlen mit <span class=\"wpforms-required-label\">*<\/span><\/label><select id=\"wpforms-5667-field_3\" class=\"wpforms-field-medium wpforms-field-required\" name=\"wpforms[fields][3]\" required=\"required\"><option value=\"Paypal\" >Paypal<\/option><option value=\"Bank \u00dcberweisung \" >Bank \u00dcberweisung <\/option><\/select><\/div><div id=\"wpforms-5667-field_13-container\" class=\"wpforms-field wpforms-field-textarea\" data-field-id=\"13\"><label class=\"wpforms-field-label\" for=\"wpforms-5667-field_13\">Genauere Information <\/label><textarea id=\"wpforms-5667-field_13\" class=\"wpforms-field-medium\" name=\"wpforms[fields][13]\" ><\/textarea><\/div><\/div><div class=\"wpforms-submit-container\"><input type=\"hidden\" name=\"wpforms[id]\" value=\"5667\"><input type=\"hidden\" name=\"wpforms[author]\" value=\"1\"><button type=\"submit\" name=\"wpforms[submit]\" id=\"wpforms-submit-5667\" class=\"wpforms-submit\" data-alt-text=\"Senden\u2026\" data-submit-text=\"Absenden\" aria-live=\"assertive\" value=\"wpforms-submit\">Absenden<\/button><img loading=\"lazy\" decoding=\"async\" src=\"https:\/\/cela.gg\/wp-content\/plugins\/wpforms-lite\/assets\/images\/submit-spin.svg\" class=\"wpforms-submit-spinner\" style=\"display: none;\" width=\"26\" height=\"26\" alt=\"Wird geladen\"><\/div><\/form><\/div>  <!-- .wpforms-container --><\/p>\t\t\t\t\t\t<\/div>\n\t\t\t\t<\/div>\n\t\t\t\t<\/div>\n\t\t\t\t\t<\/div>\n\t\t\t\t<\/div>\n\t\t\t\t\t\t\t<\/div>\n\t\t","protected":false},"excerpt":{"rendered":"<p>Shop Der Shop von Celaryprime Hier k\u00f6nnt ihr euch aktuell alle Artikel von Cela aka The DinoMite kaufen Der 1. Signature Dart von The DinoMite von der Marke One80 und [&hellip;]<\/p>\n","protected":false},"author":1,"featured_media":0,"parent":0,"menu_order":0,"comment_status":"closed","ping_status":"closed","template":"elementor_header_footer","meta":{"footnotes":""},"class_list":["post-5671","page","type-page","status-publish","hentry"],"_links":{"self":[{"href":"https:\/\/cela.gg\/index.php\/wp-json\/wp\/v2\/pages\/5671","targetHints":{"allow":["GET"]}}],"collection":[{"href":"https:\/\/cela.gg\/index.php\/wp-json\/wp\/v2\/pages"}],"about":[{"href":"https:\/\/cela.gg\/index.php\/wp-json\/wp\/v2\/types\/page"}],"author":[{"embeddable":true,"href":"https:\/\/cela.gg\/index.php\/wp-json\/wp\/v2\/users\/1"}],"replies":[{"embeddable":true,"href":"https:\/\/cela.gg\/index.php\/wp-json\/wp\/v2\/comments?post=5671"}],"version-history":[{"count":13,"href":"https:\/\/cela.gg\/index.php\/wp-json\/wp\/v2\/pages\/5671\/revisions"}],"predecessor-version":[{"id":5801,"href":"https:\/\/cela.gg\/index.php\/wp-json\/wp\/v2\/pages\/5671\/revisions\/5801"}],"wp:attachment":[{"href":"https:\/\/cela.gg\/index.php\/wp-json\/wp\/v2\/media?parent=5671"}],"curies":[{"name":"wp","href":"https:\/\/api.w.org\/{rel}","templated":true}]}}